{"id":23820,"date":"2017-04-02T14:42:38","date_gmt":"2017-04-02T14:42:38","guid":{"rendered":"http:\/\/vps39547.inmotionhosting.com\/~advokids\/?page_id=23820"},"modified":"2022-02-07T10:39:00","modified_gmt":"2022-02-07T18:39:00","slug":"protect-california-children","status":"publish","type":"page","link":"https:\/\/adevine.io\/dws-development-2\/protect-california-children\/","title":{"rendered":"Protect California Children"},"content":{"rendered":"\n<h1>\n\t\tProtect California Children Campaign:  How to Report Child Abuse And Neglect\n\t<\/h1>\n\t<h3 id=\"tw-target-text\" dir=\"ltr\" data-placeholder=\"Translation\"><a href=\"https:\/\/adevine.io\/dws-development-2\/campana-de-advokids-de-proteccion-a-los-ninos-y-ninas-de-ca\/\">Para Espa\u00f1ol, Haga Clic Aqu\u00ed<\/a><\/h3>\n\t\t\t\t<a href=\"https:\/\/adevine.io\/dws-development-2\/wp-content\/uploads\/2017\/04\/Poster-V5.pdf\" target=\"_blank\" rel=\"noopener\" itemprop=\"url\">\n\t\t\t\t<img loading=\"lazy\" decoding=\"async\" src=\"https:\/\/adevine.io\/dws-development-2\/wp-content\/uploads\/2017\/04\/Protect-Children-new-flat-6.jpg-5-seperate.jpg\" alt=\"Protect Children new flat 6.jpg - 5 seperate\" itemprop=\"image\" height=\"510\" width=\"513\" title=\"Protect Children new flat 6.jpg - 5 seperate\" onerror=\"this.style.display='none'\"  \/>\n\t\t\t\t<\/a>\n\t<p><a href=\"https:\/\/adevine.io\/dws-development-2\/wp-content\/uploads\/2017\/04\/Poster-Spanish-V5.pdf\" target=\"_blank\" rel=\"noopener\"><strong>Disponible en Espa\u00f1ol<\/strong><\/a><\/p>\n<p>&nbsp;<\/p>\n<h2>\n\t\tIs Someone Hurting a Child And No One is Listening?\n\t<\/h2>\n<h2>\n\t\t<a href=\"#p1\" title=\"Take Steps To Ensure An Abused Or Neglected Child Does Not Slip Through The Cracks.\" target=\"_self\" rel=\"noopener\">\n\t\tTake Steps To Ensure An Abused Or Neglected Child Does Not Slip Through The Cracks.\n\t\t<\/a>\n\t<\/h2>\n\t<h5><strong>&#8220;<\/strong>Child abuse is on the rise, the number of children entering foster care is increasing, and our social workers are overburdened. \u00a0We all need to take responsibility for protecting vulnerable children. \u00a0We all need to know about the simple legal forms that can be used by anyone &#8211; teachers, relatives, neighbors, caregivers &#8211; to bring a\u00a0child under the protection of the juvenile court.<strong>&#8220;<\/strong><\/h5>\n<p><strong><em>Margaret Coyne<\/em><\/strong>, <a href=\"https:\/\/adevine.io\/dws-development-2\/home-7\/\">Advokids.org<\/a><\/p>\n\t<p><img loading=\"lazy\" decoding=\"async\" src=\"https:\/\/adevine.io\/dws-development-2\/wp-content\/uploads\/2017\/03\/gabriel-fernandez-11-300x300.jpg\" alt=\"\" width=\"300\" height=\"300\" \/><\/p>\n<p>&nbsp;<\/p>\n<p>&nbsp;<\/p>\n<p>Eight-year-old <a href=\"http:\/\/ktla.com\/2017\/03\/20\/4-social-workers-ordered-by-judge-to-stand-trial-in-horrific-death-of-gabriel-fernandez\/\" target=\"_blank\" rel=\"noopener\">Gabriel Fernandez<\/a> (shown here in an undated family photo) died after months of abuse by his mother and her boyfriend. Gabriel&#8217;s teacher and others reported the child abuse multiple times, but authorities failed to remove the child from the home where he later died. Had Gabriel&#8217;s teacher, family members and others known about the <a href=\"http:\/\/www.courts.ca.gov\/documents\/jv210.pdf\" target=\"_blank\" rel=\"noopener\">JV-210<\/a> and <a href=\"http:\/\/www.courts.ca.gov\/documents\/jv215.pdf\" target=\"_blank\" rel=\"noopener\">JV-215<\/a>, Gabriel&#8217;s death may have been prevented. <a id=\"p1\"><\/a><\/p>\n<p>&nbsp;<\/p>\n<p><strong>Nearly 500,000 children were reported abused or neglected in California in 2016\u00b9<\/strong><\/p>\n<p>&nbsp;<\/p>\n<p>We need your help! \u00a0<a href=\"https:\/\/adevine.io\/dws-development-2\/social-advocate-protect-children\/\" target=\"_blank\" rel=\"noopener\">Use Advokids social tools to spread awareness about how to protect children from abuse and neglect. \u00a0<\/a><\/p>\n<p>&nbsp;<\/p>\n<p>&nbsp;<\/p>\n<h2>\n\t\tWHAT TO DO WHEN YOU WITNESS OR SUSPECT CHILD ABUSE OR NEGLECT\n\t<\/h2>\n\t<h4><strong>STEP ONE:<\/strong> Take Action If you Witness or Suspect That a Child is Being Abused, Neglected, or Exploited<\/h4>\n\t<p><strong>DO<\/strong>: Call the <a href=\"http:\/\/www.cdss.ca.gov\/Reporting\/Report-Abuse\/Child-Protective-Services\/Report-Child-Abuse\" target=\"_blank\" rel=\"noopener\">Child Abuse Reporting Number<\/a> for your California county, or contact your local Police or Sheriff&#8217;s Department and report your concern. You can call anonymously, unless you are an official mandated reporter.<\/p>\n<p><strong>EXPECT<\/strong>: The County Child Welfare Agency must conduct a risk assessment to decide whether the child needs protection.<\/p>\n<p><strong>FOLLOW UP<\/strong>: The County Child Welfare Agency will not share information about their investigation with you.<\/p>\n\t<h4><strong>STEP TWO:<\/strong> <strong>If after reporting you continue to suspect child abuse, neglect, or exploitation<\/strong><\/h4>\n\t<p><strong>DO<\/strong>: Ask the County Child Welfare Agency\u00a0to immediately commence court proceedings to bring the child under the protection of the juvenile court by filing the <a href=\"http:\/\/www.courts.ca.gov\/documents\/jv210.pdf\" target=\"_blank\" rel=\"noopener\">Juvenile Court Form JV-210<\/a>. For detailed information about how to file the JV-210, see <a href=\"https:\/\/adevine.io\/dws-development-2\/legal-tools\/accountability\/request-a-childs-protection-through-juvenile-court\/\">Advokids Legal Tools\/For Anyone Seeking A Child&#8217;s Protection through Juvenile Court<\/a>.<\/p>\n<p><strong>EXPECT<\/strong>: The County Child Welfare Agency\u00a0must immediately investigate the child&#8217;s situation after receiving the JV-210.<\/p>\n<p><strong>FOLLOW UP<\/strong>: Within three weeks, the County Child Welfare Agency must send you the JV-210 form to notify you of their decision. If they decide not to bring the child under the protection of the court they must state their reasons on the form.<\/p>\n\t<h4><strong>STEP THREE:<\/strong> <strong>If The County Child Welfare Agency Does Not Seek Court Protection Of The Child<\/strong><\/h4>\n\t<p><strong>DO<\/strong>: If the County Child Welfare Agency\u00a0decides not to seek protection, you may go directly to the juvenile court and ask for review of the agency&#8217;s decision, using <a href=\"http:\/\/www.courts.ca.gov\/documents\/jv215.pdf\" target=\"_blank\" rel=\"noopener\">Juvenile Court Form JV-215<\/a>. For detailed information about how to file the JV-215, see\u00a0<a href=\"https:\/\/adevine.io\/dws-development-2\/legal-tools\/accountability\/request-a-childs-protection-through-juvenile-court\/\">Advokids Legal Tools\/For Anyone Seeking A Child&#8217;s Protection through Juvenile Court<\/a>.<\/p>\n<p><strong>EXPECT<\/strong>: You will receive a call or letter from the juvenile court clerk telling you whether the court decided to bring the child under its protection.<\/p>\n<p><strong>FOLLOW UP<\/strong>: There is no timeframe within which the court must make a decision, but you can expect a prompt response. These requests are rare and will be treated with great urgency.<\/p>\n\t<h2><strong>Need Help?<\/strong> Call Advokids&#8217; Hotline at 877.238.4543, Monday to Friday, 9AM to 4PM<\/h2>\n\t\t\t<a href=\"https:\/\/www.classy.org\/campaign\/child-abuse-awareness-and-prevention-month\/c333723\" target=\"_blank\" role=\"button\" rel=\"noopener\">\n\t\t\t\t\t\t\tDonate to Our Protect California Children Campaign\n\t\t\t\t\t<\/a>\n\t\t\t<a href=\"https:\/\/adevine.io\/dws-development-2\/wp-content\/uploads\/2017\/04\/Poster-V5.pdf\" target=\"_blank\" role=\"button\" rel=\"noopener\">\n\t\t\t\t\t\t\tDownload The Poster\n\t\t\t\t\t<\/a>\n\t<h6><em>\u00b9Webster, D., Armijo, M., Lee, S., Dawson, W., Magruder, J., Exel, M., Cuccaro-Alamin, S., Putnam-Hornstein, E., Wiegmann, W., Rezvani, G., Eyre, M., Sandoval, A., Yee, H., Xiong, B., Benton, C., White, J., &amp; Cotto, H. (2017).\u00a0CCWIP reports. Retrieved\u00a04\/3\/2017, from University of California at Berkeley California Child Welfare Indicators Project website. URL: &lt;<a href=\"http:\/\/cssr.berkeley.edu\/ucb_childwelfare\" target=\"_blank\" rel=\"noopener\">http:\/\/cssr.berkeley.edu\/ucb_childwelfare<\/a>&gt;<\/em><\/h6>\n\t<p><strong>Legal Disclaimer<\/strong>: Advokids provides educational information and resources to those who use our website, call our hotline, or submit requests for information via the website. Any information provided may not be construed as the giving of legal advice to any person about a particular legal matter and should not be relied upon as the basis for taking a particular action or refraining from taking a particular action in any legal matter. If you want or need legal advice about a particular legal matter, you should consult a lawyer.<\/p>\n\t<p>&nbsp;<\/p>\n<h4>Contact Advokids<\/h4>\n5643 Paradise Drive, Suite 12B<br \/>\nCorte Madera, CA 94925\n11833 Mississippi Ave., 1st floor<br \/>\nLos Angeles, CA 90025\n<p>415.924.0587<\/p>\n<p>&nbsp;<\/p>\n\n\n","protected":false},"excerpt":{"rendered":"<p>Protect California Children Campaign: How to Report Child Abuse And Neglect Para Espa\u00f1ol, Haga Clic Aqu\u00ed Disponible en Espa\u00f1ol &nbsp; Is Someone Hurting a Child And No One is Listening? Take Steps To Ensure An Abused Or Neglected Child Does Not Slip Through The Cracks. &#8220;Child abuse is on the rise, the number of children&hellip;<\/p>\n","protected":false},"author":29,"featured_media":0,"parent":0,"menu_order":0,"comment_status":"closed","ping_status":"closed","template":"","meta":{"_exactmetrics_skip_tracking":false,"_exactmetrics_sitenote_active":false,"_exactmetrics_sitenote_note":"","_exactmetrics_sitenote_category":0,"footnotes":""},"class_list":["post-23820","page","type-page","status-publish","hentry"],"yoast_head":"<!-- This site is optimized with the Yoast SEO plugin v26.9 - https:\/\/yoast.com\/product\/yoast-seo-wordpress\/ -->\n<title>Protect California Children - Advokids: A Legal Resource for California Foster Children and Their Advocates<\/title>\n<meta name=\"description\" content=\"Protect California Children - Advokids: A Legal Resource for California Foster Children and Their Advocates\" \/>\n<meta name=\"robots\" content=\"index, follow, max-snippet:-1, max-image-preview:large, max-video-preview:-1\" \/>\n<link rel=\"canonical\" href=\"https:\/\/adevine.io\/dws-development-2\/protect-california-children\/\" \/>\n<meta property=\"og:locale\" content=\"en_US\" \/>\n<meta property=\"og:type\" content=\"article\" \/>\n<meta property=\"og:title\" content=\"Protect California Children - Advokids: A Legal Resource for California Foster Children and Their Advocates\" \/>\n<meta property=\"og:description\" content=\"Protect California Children - Advokids: A Legal Resource for California Foster Children and Their Advocates\" \/>\n<meta property=\"og:url\" content=\"https:\/\/adevine.io\/dws-development-2\/protect-california-children\/\" \/>\n<meta property=\"og:site_name\" content=\"Advokids: A Legal Resource for California Foster Children and Their Advocates\" \/>\n<meta property=\"article:modified_time\" content=\"2022-02-07T18:39:00+00:00\" \/>\n<meta property=\"og:image\" content=\"https:\/\/adevine.io\/dws-development-2\/wp-content\/uploads\/2017\/04\/Protect-Children-new-flat-6.jpg-5-seperate.jpg\" \/>\n<meta name=\"twitter:card\" content=\"summary_large_image\" \/>\n<meta name=\"twitter:label1\" content=\"Est. reading time\" \/>\n\t<meta name=\"twitter:data1\" content=\"4 minutes\" \/>\n<script type=\"application\/ld+json\" class=\"yoast-schema-graph\">{\"@context\":\"https:\/\/schema.org\",\"@graph\":[{\"@type\":\"WebPage\",\"@id\":\"https:\/\/adevine.io\/dws-development-2\/protect-california-children\/\",\"url\":\"https:\/\/adevine.io\/dws-development-2\/protect-california-children\/\",\"name\":\"Protect California Children - Advokids: A Legal Resource for California Foster Children and Their Advocates\",\"isPartOf\":{\"@id\":\"https:\/\/adevine.io\/dws-development-2\/#website\"},\"primaryImageOfPage\":{\"@id\":\"https:\/\/adevine.io\/dws-development-2\/protect-california-children\/#primaryimage\"},\"image\":{\"@id\":\"https:\/\/adevine.io\/dws-development-2\/protect-california-children\/#primaryimage\"},\"thumbnailUrl\":\"https:\/\/adevine.io\/dws-development-2\/wp-content\/uploads\/2017\/04\/Protect-Children-new-flat-6.jpg-5-seperate.jpg\",\"datePublished\":\"2017-04-02T14:42:38+00:00\",\"dateModified\":\"2022-02-07T18:39:00+00:00\",\"description\":\"Protect California Children - Advokids: A Legal Resource for California Foster Children and Their Advocates\",\"breadcrumb\":{\"@id\":\"https:\/\/adevine.io\/dws-development-2\/protect-california-children\/#breadcrumb\"},\"inLanguage\":\"en-US\",\"potentialAction\":[{\"@type\":\"ReadAction\",\"target\":[\"https:\/\/adevine.io\/dws-development-2\/protect-california-children\/\"]}]},{\"@type\":\"ImageObject\",\"inLanguage\":\"en-US\",\"@id\":\"https:\/\/adevine.io\/dws-development-2\/protect-california-children\/#primaryimage\",\"url\":\"https:\/\/adevine.io\/dws-development-2\/wp-content\/uploads\/2017\/04\/Protect-Children-new-flat-6.jpg-5-seperate.jpg\",\"contentUrl\":\"https:\/\/adevine.io\/dws-development-2\/wp-content\/uploads\/2017\/04\/Protect-Children-new-flat-6.jpg-5-seperate.jpg\",\"width\":513,\"height\":510},{\"@type\":\"BreadcrumbList\",\"@id\":\"https:\/\/adevine.io\/dws-development-2\/protect-california-children\/#breadcrumb\",\"itemListElement\":[{\"@type\":\"ListItem\",\"position\":1,\"name\":\"Home\",\"item\":\"https:\/\/adevine.io\/dws-development-2\/\"},{\"@type\":\"ListItem\",\"position\":2,\"name\":\"Protect California Children\"}]},{\"@type\":\"WebSite\",\"@id\":\"https:\/\/adevine.io\/dws-development-2\/#website\",\"url\":\"https:\/\/adevine.io\/dws-development-2\/\",\"name\":\"Advokids: A Legal Resource for California Foster Children and Their Advocates\",\"description\":\"Protecting the Right of Every Foster Child in California to Safety, Security and a Permanent Home\",\"potentialAction\":[{\"@type\":\"SearchAction\",\"target\":{\"@type\":\"EntryPoint\",\"urlTemplate\":\"https:\/\/adevine.io\/dws-development-2\/?s={search_term_string}\"},\"query-input\":{\"@type\":\"PropertyValueSpecification\",\"valueRequired\":true,\"valueName\":\"search_term_string\"}}],\"inLanguage\":\"en-US\"}]}<\/script>\n<!-- \/ Yoast SEO plugin. -->","yoast_head_json":{"title":"Protect California Children - Advokids: A Legal Resource for California Foster Children and Their Advocates","description":"Protect California Children - Advokids: A Legal Resource for California Foster Children and Their Advocates","robots":{"index":"index","follow":"follow","max-snippet":"max-snippet:-1","max-image-preview":"max-image-preview:large","max-video-preview":"max-video-preview:-1"},"canonical":"https:\/\/adevine.io\/dws-development-2\/protect-california-children\/","og_locale":"en_US","og_type":"article","og_title":"Protect California Children - Advokids: A Legal Resource for California Foster Children and Their Advocates","og_description":"Protect California Children - Advokids: A Legal Resource for California Foster Children and Their Advocates","og_url":"https:\/\/adevine.io\/dws-development-2\/protect-california-children\/","og_site_name":"Advokids: A Legal Resource for California Foster Children and Their Advocates","article_modified_time":"2022-02-07T18:39:00+00:00","og_image":[{"url":"https:\/\/adevine.io\/dws-development-2\/wp-content\/uploads\/2017\/04\/Protect-Children-new-flat-6.jpg-5-seperate.jpg","type":"","width":"","height":""}],"twitter_card":"summary_large_image","twitter_misc":{"Est. reading time":"4 minutes"},"schema":{"@context":"https:\/\/schema.org","@graph":[{"@type":"WebPage","@id":"https:\/\/adevine.io\/dws-development-2\/protect-california-children\/","url":"https:\/\/adevine.io\/dws-development-2\/protect-california-children\/","name":"Protect California Children - Advokids: A Legal Resource for California Foster Children and Their Advocates","isPartOf":{"@id":"https:\/\/adevine.io\/dws-development-2\/#website"},"primaryImageOfPage":{"@id":"https:\/\/adevine.io\/dws-development-2\/protect-california-children\/#primaryimage"},"image":{"@id":"https:\/\/adevine.io\/dws-development-2\/protect-california-children\/#primaryimage"},"thumbnailUrl":"https:\/\/adevine.io\/dws-development-2\/wp-content\/uploads\/2017\/04\/Protect-Children-new-flat-6.jpg-5-seperate.jpg","datePublished":"2017-04-02T14:42:38+00:00","dateModified":"2022-02-07T18:39:00+00:00","description":"Protect California Children - Advokids: A Legal Resource for California Foster Children and Their Advocates","breadcrumb":{"@id":"https:\/\/adevine.io\/dws-development-2\/protect-california-children\/#breadcrumb"},"inLanguage":"en-US","potentialAction":[{"@type":"ReadAction","target":["https:\/\/adevine.io\/dws-development-2\/protect-california-children\/"]}]},{"@type":"ImageObject","inLanguage":"en-US","@id":"https:\/\/adevine.io\/dws-development-2\/protect-california-children\/#primaryimage","url":"https:\/\/adevine.io\/dws-development-2\/wp-content\/uploads\/2017\/04\/Protect-Children-new-flat-6.jpg-5-seperate.jpg","contentUrl":"https:\/\/adevine.io\/dws-development-2\/wp-content\/uploads\/2017\/04\/Protect-Children-new-flat-6.jpg-5-seperate.jpg","width":513,"height":510},{"@type":"BreadcrumbList","@id":"https:\/\/adevine.io\/dws-development-2\/protect-california-children\/#breadcrumb","itemListElement":[{"@type":"ListItem","position":1,"name":"Home","item":"https:\/\/adevine.io\/dws-development-2\/"},{"@type":"ListItem","position":2,"name":"Protect California Children"}]},{"@type":"WebSite","@id":"https:\/\/adevine.io\/dws-development-2\/#website","url":"https:\/\/adevine.io\/dws-development-2\/","name":"Advokids: A Legal Resource for California Foster Children and Their Advocates","description":"Protecting the Right of Every Foster Child in California to Safety, Security and a Permanent Home","potentialAction":[{"@type":"SearchAction","target":{"@type":"EntryPoint","urlTemplate":"https:\/\/adevine.io\/dws-development-2\/?s={search_term_string}"},"query-input":{"@type":"PropertyValueSpecification","valueRequired":true,"valueName":"search_term_string"}}],"inLanguage":"en-US"}]}},"_links":{"self":[{"href":"https:\/\/adevine.io\/dws-development-2\/wp-json\/wp\/v2\/pages\/23820","targetHints":{"allow":["GET"]}}],"collection":[{"href":"https:\/\/adevine.io\/dws-development-2\/wp-json\/wp\/v2\/pages"}],"about":[{"href":"https:\/\/adevine.io\/dws-development-2\/wp-json\/wp\/v2\/types\/page"}],"author":[{"embeddable":true,"href":"https:\/\/adevine.io\/dws-development-2\/wp-json\/wp\/v2\/users\/29"}],"replies":[{"embeddable":true,"href":"https:\/\/adevine.io\/dws-development-2\/wp-json\/wp\/v2\/comments?post=23820"}],"version-history":[{"count":4,"href":"https:\/\/adevine.io\/dws-development-2\/wp-json\/wp\/v2\/pages\/23820\/revisions"}],"predecessor-version":[{"id":29033,"href":"https:\/\/adevine.io\/dws-development-2\/wp-json\/wp\/v2\/pages\/23820\/revisions\/29033"}],"wp:attachment":[{"href":"https:\/\/adevine.io\/dws-development-2\/wp-json\/wp\/v2\/media?parent=23820"}],"curies":[{"name":"wp","href":"https:\/\/api.w.org\/{rel}","templated":true}]}}